{"id":62,"date":"2019-12-19T09:54:46","date_gmt":"2019-12-19T09:54:46","guid":{"rendered":"https:\/\/transformacionessociales.udp.cl\/cms\/?page_id=62"},"modified":"2025-06-13T13:54:59","modified_gmt":"2025-06-13T13:54:59","slug":"vision","status":"publish","type":"page","link":"https:\/\/transformacionessociales.udp.cl\/?page_id=62","title":{"rendered":"Visi\u00f3n"},"content":{"rendered":"<p>Alojado en la Escuela de Sociolog\u00eda UDP y creado en noviembre de 2019, el Laboratorio de Transformaciones Sociales es un espacio de reflexi\u00f3n interdisciplinaria para el abordaje te\u00f3rico y metodol\u00f3gico de procesos de cambio social. Su foco est\u00e1 en <em><strong>combinar la reflexi\u00f3n te\u00f3rica especializada con la innovaci\u00f3n en metodolog\u00edas de investigaci\u00f3n social<\/strong><\/em>. De acuerdo con esto, sus prop\u00f3sitos espec\u00edficos son: primero,<em> ser un puente<\/em> que conecta a las\/os estudiantes de la Escuela de Sociolog\u00eda UDP con el creciente desarrollo de investigaci\u00f3n interdisciplinaria de procesos y fen\u00f3menos sociales, por medio de talleres, pr\u00e1cticas electivas y actividades p\u00fablicas. Segundo, <em>desarrollar actividades<\/em> que promuevan una cultura de investigaci\u00f3n te\u00f3rica y metodol\u00f3gicamente enfocada al abordaje de problemas sociales complejos. Tercero, <em>explorar formas de vinculaci\u00f3n p\u00fablica <\/em>a partir de medios de difusi\u00f3n alternativos y de di\u00e1logos con actores m\u00e1s all\u00e1 del \u00e1mbito universitario. Si bien las actividades e intereses abarcan una amplia gama de temas, el foco tem\u00e1tico principal del Laboratorio tradicionalmente ha girado en torno a cuestiones de poder, desarrollo, g\u00e9nero, conflicto y globalizaci\u00f3n en la sociedad contempor\u00e1nea.<\/p>\n<p>&nbsp;<\/p>\n<p>El Laboratorio de Transformaciones Sociales recibe apoyo del Centro de Estudios de Conflicto y Cohesi\u00f3n Social (COES), y en esta medida se articula tem\u00e1tica y estrat\u00e9gicamente con las l\u00edneas de investigaci\u00f3n y objetivos de este \u00faltimo centro. Adem\u00e1s, el Laboratorio recibe apoyo de los Fondecyt y otros proyectos de investigaci\u00f3n en curso de las y los investigadores que lo integran.<\/p>\n<p>&nbsp;<\/p>\n<p>&nbsp;<\/p>\n<p><img loading=\"lazy\" decoding=\"async\" class=\"alignnone  wp-image-1416\" src=\"https:\/\/transformacionessociales.udp.cl\/cms\/wp-content\/uploads\/2025\/06\/3_Logos_LTS-FCSH-COES_color-sin_fondo-removebg-preview-1-1024x143.png\" alt=\"\" width=\"1244\" height=\"173\" srcset=\"https:\/\/transformacionessociales.udp.cl\/cms\/wp-content\/uploads\/2025\/06\/3_Logos_LTS-FCSH-COES_color-sin_fondo-removebg-preview-1-1024x143.png 1024w, https:\/\/transformacionessociales.udp.cl\/cms\/wp-content\/uploads\/2025\/06\/3_Logos_LTS-FCSH-COES_color-sin_fondo-removebg-preview-1-300x42.png 300w, https:\/\/transformacionessociales.udp.cl\/cms\/wp-content\/uploads\/2025\/06\/3_Logos_LTS-FCSH-COES_color-sin_fondo-removebg-preview-1-768x107.png 768w, https:\/\/transformacionessociales.udp.cl\/cms\/wp-content\/uploads\/2025\/06\/3_Logos_LTS-FCSH-COES_color-sin_fondo-removebg-preview-1.png 1080w\" sizes=\"auto, (max-width: 1244px) 100vw, 1244px\" \/><\/p>\n<p>&nbsp;<\/p>\n<p>&nbsp;<\/p>\n<p>&nbsp;<\/p>\n","protected":false},"excerpt":{"rendered":"<p>Alojado en la Escuela de Sociolog\u00eda UDP y creado en noviembre de 2019, el Laboratorio de Transformaciones Sociales es un espacio de reflexi\u00f3n interdisciplinaria para el abordaje te\u00f3rico y metodol\u00f3gico de procesos de cambio social. Su foco est\u00e1 en combinar la reflexi\u00f3n te\u00f3rica especializada con la innovaci\u00f3n en metodolog\u00edas de investigaci\u00f3n social. De acuerdo con [&hellip;]<\/p>\n","protected":false},"author":2,"featured_media":162,"parent":0,"menu_order":0,"comment_status":"closed","ping_status":"closed","template":"","meta":{"_acf_changed":false,"footnotes":""},"class_list":["post-62","page","type-page","status-publish","has-post-thumbnail","hentry"],"acf":[],"_links":{"self":[{"href":"https:\/\/transformacionessociales.udp.cl\/index.php?rest_route=\/wp\/v2\/pages\/62","targetHints":{"allow":["GET"]}}],"collection":[{"href":"https:\/\/transformacionessociales.udp.cl\/index.php?rest_route=\/wp\/v2\/pages"}],"about":[{"href":"https:\/\/transformacionessociales.udp.cl\/index.php?rest_route=\/wp\/v2\/types\/page"}],"author":[{"embeddable":true,"href":"https:\/\/transformacionessociales.udp.cl\/index.php?rest_route=\/wp\/v2\/users\/2"}],"replies":[{"embeddable":true,"href":"https:\/\/transformacionessociales.udp.cl\/index.php?rest_route=%2Fwp%2Fv2%2Fcomments&post=62"}],"version-history":[{"count":8,"href":"https:\/\/transformacionessociales.udp.cl\/index.php?rest_route=\/wp\/v2\/pages\/62\/revisions"}],"predecessor-version":[{"id":1417,"href":"https:\/\/transformacionessociales.udp.cl\/index.php?rest_route=\/wp\/v2\/pages\/62\/revisions\/1417"}],"wp:featuredmedia":[{"embeddable":true,"href":"https:\/\/transformacionessociales.udp.cl\/index.php?rest_route=\/wp\/v2\/media\/162"}],"wp:attachment":[{"href":"https:\/\/transformacionessociales.udp.cl\/index.php?rest_route=%2Fwp%2Fv2%2Fmedia&parent=62"}],"curies":[{"name":"wp","href":"https:\/\/api.w.org\/{rel}","templated":true}]}}

Visión

<p>Alojado en la Escuela de Sociología UDP y creado en noviembre de 2019, el Laboratorio de Transformaciones Sociales es un espacio de reflexión interdisciplinaria para el abordaje teórico y metodológico de procesos de cambio social. Su foco está en <em><strong>combinar la reflexión teórica especializada con la innovación en metodologías de investigación social</strong></em>. De acuerdo con esto, sus propósitos específicos son: primero,<em> ser un puente</em> que conecta a las/os estudiantes de la Escuela de Sociología UDP con el creciente desarrollo de investigación interdisciplinaria de procesos y fenómenos sociales, por medio de talleres, prácticas electivas y actividades públicas. Segundo, <em>desarrollar actividades</em> que promuevan una cultura de investigación teórica y metodológicamente enfocada al abordaje de problemas sociales complejos. Tercero, <em>explorar formas de vinculación pública </em>a partir de medios de difusión alternativos y de diálogos con actores más allá del ámbito universitario. Si bien las actividades e intereses abarcan una amplia gama de temas, el foco temático principal del Laboratorio tradicionalmente ha girado en torno a cuestiones de poder, desarrollo, género, conflicto y globalización en la sociedad contemporánea.</p>
<p>&nbsp;</p>
<p>El Laboratorio de Transformaciones Sociales recibe apoyo del Centro de Estudios de Conflicto y Cohesión Social (COES), y en esta medida se articula temática y estratégicamente con las líneas de investigación y objetivos de este último centro. Además, el Laboratorio recibe apoyo de los Fondecyt y otros proyectos de investigación en curso de las y los investigadores que lo integran.</p>
<p>&nbsp;</p>
<p>&nbsp;</p>
<p><img loading="lazy" decoding="async" class="alignnone  wp-image-1416" src="https://transformacionessociales.udp.cl/cms/wp-content/uploads/2025/06/3_Logos_LTS-FCSH-COES_color-sin_fondo-removebg-preview-1-1024x143.png" alt="" width="1244" height="173" srcset="https://transformacionessociales.udp.cl/cms/wp-content/uploads/2025/06/3_Logos_LTS-FCSH-COES_color-sin_fondo-removebg-preview-1-1024x143.png 1024w, https://transformacionessociales.udp.cl/cms/wp-content/uploads/2025/06/3_Logos_LTS-FCSH-COES_color-sin_fondo-removebg-preview-1-300x42.png 300w, https://transformacionessociales.udp.cl/cms/wp-content/uploads/2025/06/3_Logos_LTS-FCSH-COES_color-sin_fondo-removebg-preview-1-768x107.png 768w, https://transformacionessociales.udp.cl/cms/wp-content/uploads/2025/06/3_Logos_LTS-FCSH-COES_color-sin_fondo-removebg-preview-1.png 1080w" sizes="auto, (max-width: 1244px) 100vw, 1244px" /></p>
<p>&nbsp;</p>
<p>&nbsp;</p>
<p>&nbsp;</p>

<p>Alojado en la Escuela de Sociología UDP y creado en noviembre de 2019, el Laboratorio de Transformaciones Sociales es un espacio de reflexión interdisciplinaria para el abordaje teórico y metodológico de procesos de cambio social. Su foco está en combinar la reflexión teórica especializada con la innovación en metodologías de investigación social. De acuerdo con [&hellip;]</p>
